{"id":1665,"date":"2023-05-20T03:33:51","date_gmt":"2023-05-20T03:33:51","guid":{"rendered":"https:\/\/victoria.gob.ar\/?page_id=1665"},"modified":"2026-08-26T13:33:29","modified_gmt":"2026-08-26T13:33:29","slug":"vehiculos-retenidos-2025","status":"publish","type":"page","link":"https:\/\/victoria.gob.ar\/en\/vehiculos-retenidos-2025\/","title":{"rendered":"Veh\u00edculos Retenidos 2025"},"content":{"rendered":"<h2 class=\"wp-block-heading has-text-align-center\">Edicto 2025<\/h2>\n\n\n\n<pre class=\"wp-block-code has-black-color has-text-color has-small-font-size\"><code><strong>Por el presente la Municipalidad de la Ciudad de Victoria E.R. comunica que proceder\u00e1 a la disposici\u00f3n administrativa de los veh\u00edculos retenidos en virtud del ejercicio del poder de polic\u00eda municipal y\/o chatarra y\/o abandonados y\/o destruidos y\/o no aptos para rodar que se encuentran retenidos en los dep\u00f3sitos municipales, de conformidad a lo previsto en Ley N\u00ba 26.348; Ord. Municipal N\u00ba 3153, Decreto N\u00ba 171\/25 y Programa Nacional de Descontaminaci\u00f3n, Compactaci\u00f3n y Disposici\u00f3n Final de Automotores (PRO.DE.CO.) e intima a toda persona que pretenda acreditar derechos o posean veh\u00edculos en dichas dependencias y cuya estad\u00eda supere los 6 meses, a concurrir dentro del plazo de 15 d\u00edas desde la \u00faltima publicaci\u00f3n de edictos, al Juzgado Municipal de Faltas sito en calle Matanza N\u00ba 18 de la ciudad de Victoria de lunes a viernes en el horario de 7 a 13 hs. acompa\u00f1ado de Documento Nacional de Identidad y t\u00edtulo de propiedad del veh\u00edculo en cuesti\u00f3n. Todo ello a los fines de hacer valer sus derechos sobre el rodado y regularizar su deuda o situaci\u00f3n, bajo apercibimiento de que en caso de incomparencia dentro del plazo previsto se proceder\u00e1 sin m\u00e1s con arreglo a la normativa mencionada a ordenar la incorporaci\u00f3n al patrimonio municipal para su donaci\u00f3n o compactaci\u00f3n del bien. Se encuentra disponible el Listado de Veh\u00edculos Retenidos en la P\u00e1gina WEB de la Municipalidad de Victoria, Entre R\u00edos, en el siguiente link: http:\/\/victoria.gob.ar\/vehiculos-retenidos\/<\/strong><\/code><\/pre>\n\n\n\n<div class=\"wp-block-buttons alignwide is-horizontal is-content-justification-center is-nowrap is-layout-flex wp-container-core-buttons-is-layout-c9c93e97 wp-block-buttons-is-layout-flex\">\n<div style=\"--wp--block-button--width: 50;\" class=\"wp-block-button is-style-outline has-custom-width wp-block-button__width wp-block-button__width-50 is-style-outline--1\"><a class=\"wp-block-button__link has-black-color has-white-background-color has-text-color has-background has-text-align-center has-small-font-size has-custom-font-size wp-element-button\" href=\"https:\/\/victoria.gob.ar\/wp-content\/uploads\/2025\/04\/EDICTO-compactacion-2025-para-PUBLICAR.doc\" target=\"_blank\" rel=\"noreferrer noopener\">Descargar Edicto 2025 .docx<\/a><\/div>\n\n\n\n<div style=\"--wp--block-button--width: 50;\" class=\"wp-block-button is-style-outline has-custom-width wp-block-button__width wp-block-button__width-50 is-style-outline--2\"><a class=\"wp-block-button__link has-black-color has-white-background-color has-text-color has-background has-text-align-center has-small-font-size has-custom-font-size wp-element-button\" href=\"https:\/\/victoria.gob.ar\/wp-content\/uploads\/2025\/04\/Listado-vehiculos-para-compactacion-DECRETO-No-171-25-1.xlsx\" target=\"_blank\" rel=\"noreferrer noopener\">Descargar Listado 2025 .xlsx<\/a><\/div>\n<\/div>\n\n\n<div class=\"wp-block-image is-style-default\">\n<figure class=\"aligncenter size-thumbnail is-resized\"><img loading=\"lazy\" decoding=\"async\" width=\"150\" height=\"150\" src=\"https:\/\/victoria.gob.ar\/wp-content\/uploads\/2023\/05\/pic-150x150.jpg\" alt=\"\" class=\"wp-image-1685\" style=\"width:75px;height:75px\" srcset=\"https:\/\/victoria.gob.ar\/wp-content\/uploads\/2023\/05\/pic-150x150.jpg 150w, https:\/\/victoria.gob.ar\/wp-content\/uploads\/2023\/05\/pic-300x300.jpg 300w, https:\/\/victoria.gob.ar\/wp-content\/uploads\/2023\/05\/pic-768x768.jpg 768w, https:\/\/victoria.gob.ar\/wp-content\/uploads\/2023\/05\/pic.jpg 800w\" sizes=\"auto, (max-width: 150px) 100vw, 150px\" \/><\/figure>\n<\/div>\n\n\n<div data-wp-interactive=\"core\/file\" class=\"wp-block-file\"><object data-wp-bind--hidden=\"!state.hasPdfPreview\" hidden class=\"wp-block-file__embed\" data=\"https:\/\/victoria.gob.ar\/wp-content\/uploads\/2025\/04\/DECRETO-No-171-25-compactacion-1.pdf\" type=\"application\/pdf\" style=\"width:100%;height:600px\" aria-label=\"Embed of DECRETO N\u00ba 171-25 compactacion.\"><\/object><a id=\"wp-block-file--media-073394e4-1423-49d2-93b4-103575432b61\" href=\"https:\/\/victoria.gob.ar\/wp-content\/uploads\/2025\/04\/DECRETO-No-171-25-compactacion-1.pdf\">DECRETO N\u00ba 171-25 compactacion<\/a><a href=\"https:\/\/victoria.gob.ar\/wp-content\/uploads\/2025\/04\/DECRETO-No-171-25-compactacion-1.pdf\" class=\"wp-block-file__button wp-element-button\" download aria-describedby=\"wp-block-file--media-073394e4-1423-49d2-93b4-103575432b61\">Descarga<\/a><\/div>","protected":false},"excerpt":{"rendered":"<p>Edicto 2025<\/p>","protected":false},"author":2,"featured_media":0,"parent":0,"menu_order":0,"comment_status":"closed","ping_status":"closed","template":"","meta":{"neve_meta_sidebar":"","neve_meta_container":"","neve_meta_enable_content_width":"","neve_meta_content_width":0,"neve_meta_title_alignment":"","neve_meta_author_avatar":"","neve_post_elements_order":"","neve_meta_disable_header":"","neve_meta_disable_footer":"","neve_meta_disable_title":"","footnotes":""},"class_list":["post-1665","page","type-page","status-publish","hentry"],"_links":{"self":[{"href":"https:\/\/victoria.gob.ar\/en\/wp-json\/wp\/v2\/pages\/1665","targetHints":{"allow":["GET"]}}],"collection":[{"href":"https:\/\/victoria.gob.ar\/en\/wp-json\/wp\/v2\/pages"}],"about":[{"href":"https:\/\/victoria.gob.ar\/en\/wp-json\/wp\/v2\/types\/page"}],"author":[{"embeddable":true,"href":"https:\/\/victoria.gob.ar\/en\/wp-json\/wp\/v2\/users\/2"}],"replies":[{"embeddable":true,"href":"https:\/\/victoria.gob.ar\/en\/wp-json\/wp\/v2\/comments?post=1665"}],"version-history":[{"count":22,"href":"https:\/\/victoria.gob.ar\/en\/wp-json\/wp\/v2\/pages\/1665\/revisions"}],"predecessor-version":[{"id":3900,"href":"https:\/\/victoria.gob.ar\/en\/wp-json\/wp\/v2\/pages\/1665\/revisions\/3900"}],"wp:attachment":[{"href":"https:\/\/victoria.gob.ar\/en\/wp-json\/wp\/v2\/media?parent=1665"}],"curies":[{"name":"wp","href":"https:\/\/api.w.org\/{rel}","templated":true}]}}

Vehículos Retenidos 2025

<h2 class="wp-block-heading has-text-align-center">Edicto 2025</h2>



<pre class="wp-block-code has-black-color has-text-color has-small-font-size"><code><strong>Por el presente la Municipalidad de la Ciudad de Victoria E.R. comunica que procederá a la disposición administrativa de los vehículos retenidos en virtud del ejercicio del poder de policía municipal y/o chatarra y/o abandonados y/o destruidos y/o no aptos para rodar que se encuentran retenidos en los depósitos municipales, de conformidad a lo previsto en Ley Nº 26.348; Ord. Municipal Nº 3153, Decreto Nº 171/25 y Programa Nacional de Descontaminación, Compactación y Disposición Final de Automotores (PRO.DE.CO.) e intima a toda persona que pretenda acreditar derechos o posean vehículos en dichas dependencias y cuya estadía supere los 6 meses, a concurrir dentro del plazo de 15 días desde la última publicación de edictos, al Juzgado Municipal de Faltas sito en calle Matanza Nº 18 de la ciudad de Victoria de lunes a viernes en el horario de 7 a 13 hs. acompañado de Documento Nacional de Identidad y título de propiedad del vehículo en cuestión. Todo ello a los fines de hacer valer sus derechos sobre el rodado y regularizar su deuda o situación, bajo apercibimiento de que en caso de incomparencia dentro del plazo previsto se procederá sin más con arreglo a la normativa mencionada a ordenar la incorporación al patrimonio municipal para su donación o compactación del bien. Se encuentra disponible el Listado de Vehículos Retenidos en la Página WEB de la Municipalidad de Victoria, Entre Ríos, en el siguiente link: http://victoria.gob.ar/vehiculos-retenidos/</strong></code></pre>



<div class="wp-block-buttons alignwide is-horizontal is-content-justification-center is-nowrap is-layout-flex wp-container-core-buttons-is-layout-c9c93e97 wp-block-buttons-is-layout-flex">
<div style="--wp--block-button--width: 50;" class="wp-block-button is-style-outline has-custom-width wp-block-button__width wp-block-button__width-50 is-style-outline--1"><a class="wp-block-button__link has-black-color has-white-background-color has-text-color has-background has-text-align-center has-small-font-size has-custom-font-size wp-element-button" href="https://victoria.gob.ar/wp-content/uploads/2025/04/EDICTO-compactacion-2025-para-PUBLICAR.doc" target="_blank" rel="noreferrer noopener">Descargar Edicto 2025 .docx</a></div>



<div style="--wp--block-button--width: 50;" class="wp-block-button is-style-outline has-custom-width wp-block-button__width wp-block-button__width-50 is-style-outline--2"><a class="wp-block-button__link has-black-color has-white-background-color has-text-color has-background has-text-align-center has-small-font-size has-custom-font-size wp-element-button" href="https://victoria.gob.ar/wp-content/uploads/2025/04/Listado-vehiculos-para-compactacion-DECRETO-No-171-25-1.xlsx" target="_blank" rel="noreferrer noopener">Descargar Listado 2025 .xlsx</a></div>
</div>


<div class="wp-block-image is-style-default">
<figure class="aligncenter size-thumbnail is-resized"><img loading="lazy" decoding="async" width="150" height="150" src="https://victoria.gob.ar/wp-content/uploads/2023/05/pic-150x150.jpg" alt="" class="wp-image-1685" style="width:75px;height:75px" srcset="https://victoria.gob.ar/wp-content/uploads/2023/05/pic-150x150.jpg 150w, https://victoria.gob.ar/wp-content/uploads/2023/05/pic-300x300.jpg 300w, https://victoria.gob.ar/wp-content/uploads/2023/05/pic-768x768.jpg 768w, https://victoria.gob.ar/wp-content/uploads/2023/05/pic.jpg 800w" sizes="auto, (max-width: 150px) 100vw, 150px" /></figure>
</div>


<div data-wp-interactive="core/file" class="wp-block-file"><object data-wp-bind--hidden="!state.hasPdfPreview" hidden class="wp-block-file__embed" data="https://victoria.gob.ar/wp-content/uploads/2025/04/DECRETO-No-171-25-compactacion-1.pdf" type="application/pdf" style="width:100%;height:600px" aria-label="Embed of DECRETO Nº 171-25 compactacion."></object><a id="wp-block-file--media-073394e4-1423-49d2-93b4-103575432b61" href="https://victoria.gob.ar/wp-content/uploads/2025/04/DECRETO-No-171-25-compactacion-1.pdf">DECRETO Nº 171-25 compactacion</a><a href="https://victoria.gob.ar/wp-content/uploads/2025/04/DECRETO-No-171-25-compactacion-1.pdf" class="wp-block-file__button wp-element-button" download aria-describedby="wp-block-file--media-073394e4-1423-49d2-93b4-103575432b61">Descarga</a></div>
